{"id":770,"date":"2025-03-14T17:17:24","date_gmt":"2025-03-14T17:17:24","guid":{"rendered":"https:\/\/cervepar.appslienzo3.com\/?page_id=770"},"modified":"2025-06-25T15:14:33","modified_gmt":"2025-06-25T15:14:33","slug":"cuidado-del-medio-ambiente","status":"publish","type":"page","link":"https:\/\/cervepar.appslienzo3.com\/index.php\/sostenibilidad\/cuidado-del-medio-ambiente\/","title":{"rendered":"Cuidado del medio ambiente"},"content":{"rendered":"\t\t<div data-elementor-type=\"wp-page\" data-elementor-id=\"770\" class=\"elementor elementor-770\" data-elementor-post-type=\"page\">\n\t\t\t\t<div class=\"elementor-element elementor-element-095729f e-con-full e-flex e-con e-parent\" data-id=\"095729f\" data-element_type=\"container\" data-e-type=\"container\" data-settings=\"{&quot;jet_parallax_layout_list&quot;:[],&quot;background_background&quot;:&quot;gradient&quot;}\">\n\t\t<div class=\"elementor-element elementor-element-a411d0d e-con-full e-flex e-con e-child\" data-id=\"a411d0d\" data-element_type=\"container\" data-e-type=\"container\" data-settings=\"{&quot;background_background&quot;:&quot;classic&quot;,&quot;jet_parallax_layout_list&quot;:[]}\">\n\t\t<div class=\"elementor-element elementor-element-9d0c966 e-flex e-con-boxed e-con e-child\" data-id=\"9d0c966\" data-element_type=\"container\" data-e-type=\"container\" data-settings=\"{&quot;jet_parallax_layout_list&quot;:[],&quot;background_background&quot;:&quot;classic&quot;}\">\n\t\t\t\t\t<div class=\"e-con-inner\">\n\t\t<div class=\"elementor-element elementor-element-e6a4b24 e-con-full e-flex e-con e-child\" data-id=\"e6a4b24\" data-element_type=\"container\" data-e-type=\"container\" data-settings=\"{&quot;jet_parallax_layout_list&quot;:[]}\">\n\t\t\t\t<div class=\"elementor-element elementor-element-74e7810 elementor-widget__width-initial elementor-widget elementor-widget-heading\" data-id=\"74e7810\" data-element_type=\"widget\" data-e-type=\"widget\" data-widget_type=\"heading.default\">\n\t\t\t\t<div class=\"elementor-widget-container\">\n\t\t\t\t\t<h2 class=\"elementor-heading-title elementor-size-default\">Cuidado del<strong> Medio ambiente<\/strong><\/h2>\t\t\t\t<\/div>\n\t\t\t\t<\/div>\n\t\t\t\t<div class=\"elementor-element elementor-element-a9c84d9 elementor-widget__width-initial elementor-widget elementor-widget-text-editor\" data-id=\"a9c84d9\" data-element_type=\"widget\" data-e-type=\"widget\" data-widget_type=\"text-editor.default\">\n\t\t\t\t<div class=\"elementor-widget-container\">\n\t\t\t\t\t\t\t\t\t<p><span style=\"font-weight: 400;\">Cervepar cuenta con m\u00e1s de 100 a\u00f1os de historia y sigue mirando hacia el futuro. Por eso, nuestra estrategia de negocios incorpora la sostenibilidad como parte esencial, desde el dise\u00f1o de nuestros productos hasta su entrega en los miles de puntos de venta.<\/span><\/p>\t\t\t\t\t\t\t\t<\/div>\n\t\t\t\t<\/div>\n\t\t\t\t<\/div>\n\t\t\t\t<div class=\"elementor-element elementor-element-b594649 elementor-widget__width-auto elementor-widget elementor-widget-image\" data-id=\"b594649\" data-element_type=\"widget\" data-e-type=\"widget\" data-widget_type=\"image.default\">\n\t\t\t\t<div class=\"elementor-widget-container\">\n\t\t\t\t\t\t\t\t\t\t\t\t\t\t\t<img decoding=\"async\" src=\"https:\/\/cervepar.appslienzo3.com\/wp-content\/uploads\/elementor\/thumbs\/Grafica-1.1-Ambiental-Botellas-1-r3e55qsk5ne9fwrmvdoe4zaosa831mnfpn3de8rio0.png\" title=\"Gr\u00e1fica-1.1&#8212;Ambiental-Botellas (1)\" alt=\"Gr\u00e1fica-1.1---Ambiental-Botellas (1)\" loading=\"lazy\" \/>\t\t\t\t\t\t\t\t\t\t\t\t\t\t\t<\/div>\n\t\t\t\t<\/div>\n\t\t\t\t\t<\/div>\n\t\t\t\t<\/div>\n\t\t\t\t<\/div>\n\t\t\t\t<\/div>\n\t\t<div class=\"elementor-element elementor-element-e37f21c e-flex e-con-boxed e-con e-parent\" data-id=\"e37f21c\" data-element_type=\"container\" data-e-type=\"container\" data-settings=\"{&quot;jet_parallax_layout_list&quot;:[],&quot;background_background&quot;:&quot;classic&quot;}\">\n\t\t\t\t\t<div class=\"e-con-inner\">\n\t\t\t\t<div class=\"elementor-element elementor-element-261d660 elementor-widget__width-initial elementor-widget elementor-widget-heading\" data-id=\"261d660\" data-element_type=\"widget\" data-e-type=\"widget\" data-widget_type=\"heading.default\">\n\t\t\t\t<div class=\"elementor-widget-container\">\n\t\t\t\t\t<h2 class=\"elementor-heading-title elementor-size-default\">Te invitamos a conocer algunas de<strong> nuestras iniciativas:<\/strong><\/h2>\t\t\t\t<\/div>\n\t\t\t\t<\/div>\n\t\t\t\t\t<\/div>\n\t\t\t\t<\/div>\n\t\t<div class=\"elementor-element elementor-element-c42c7ab e-flex e-con-boxed e-con e-parent\" data-id=\"c42c7ab\" data-element_type=\"container\" data-e-type=\"container\" data-settings=\"{&quot;jet_parallax_layout_list&quot;:[]}\">\n\t\t\t\t\t<div class=\"e-con-inner\">\n\t\t<div class=\"elementor-element elementor-element-8402575 e-con-full e-flex e-con e-child\" data-id=\"8402575\" data-element_type=\"container\" data-e-type=\"container\" data-settings=\"{&quot;jet_parallax_layout_list&quot;:[]}\">\n\t\t\t\t<div class=\"elementor-element elementor-element-0696768 elementor-widget elementor-widget-image\" data-id=\"0696768\" data-element_type=\"widget\" data-e-type=\"widget\" data-widget_type=\"image.default\">\n\t\t\t\t<div class=\"elementor-widget-container\">\n\t\t\t\t\t\t\t\t\t\t\t\t\t\t\t<img decoding=\"async\" src=\"https:\/\/cervepar.appslienzo3.com\/wp-content\/uploads\/elementor\/thumbs\/Sostenibilidad-r2uw2g1acbdax1lp3pudqp1sydkr1wan4l9djtcho0.png\" title=\"Sostenibilidad\" alt=\"Sostenibilidad\" loading=\"lazy\" \/>\t\t\t\t\t\t\t\t\t\t\t\t\t\t\t<\/div>\n\t\t\t\t<\/div>\n\t\t\t\t<\/div>\n\t\t<div class=\"elementor-element elementor-element-9b75d8b e-con-full e-flex e-con e-child\" data-id=\"9b75d8b\" data-element_type=\"container\" data-e-type=\"container\" data-settings=\"{&quot;jet_parallax_layout_list&quot;:[]}\">\n\t\t\t\t<div class=\"elementor-element elementor-element-177d2f1 elementor-widget__width-initial elementor-widget elementor-widget-heading\" data-id=\"177d2f1\" data-element_type=\"widget\" data-e-type=\"widget\" data-widget_type=\"heading.default\">\n\t\t\t\t<div class=\"elementor-widget-container\">\n\t\t\t\t\t<h2 class=\"elementor-heading-title elementor-size-default\"><strong>Energ\u00eda\n<\/strong><br>\nrenovable<\/h2>\t\t\t\t<\/div>\n\t\t\t\t<\/div>\n\t\t\t\t<div class=\"elementor-element elementor-element-8127d01 elementor-widget__width-initial elementor-widget elementor-widget-text-editor\" data-id=\"8127d01\" data-element_type=\"widget\" data-e-type=\"widget\" data-widget_type=\"text-editor.default\">\n\t\t\t\t<div class=\"elementor-widget-container\">\n\t\t\t\t\t\t\t\t\t<p><span style=\"font-weight: 400;\">Como parte de nuestro compromiso con la sostenibilidad, avanzamos continuamente en la mejora de la eficiencia energ\u00e9tica de nuestras operaciones. Promovemos la incorporaci\u00f3n progresiva de fuentes renovables, tanto en el funcionamiento de nuestras calderas industriales como en los procesos de producci\u00f3n de envases. A su vez, optimizamos nuestros procesos industriales y log\u00edsticos mediante el uso de tecnolog\u00edas como sensores de temperatura y humedad, montacargas y veh\u00edculos el\u00e9ctricos, iluminaci\u00f3n natural en centros de distribuci\u00f3n y paneles solares. Estas iniciativas integradas nos permiten reducir nuestras emisiones de CO2 y fortalecer una gesti\u00f3n energ\u00e9tica m\u00e1s responsable y eficiente.<\/span>Estamos avanzando hacia una gesti\u00f3n m\u00e1s amigable con el medio ambiente, promoviendo pr\u00e1cticas sostenibles y responsables.<\/p>\t\t\t\t\t\t\t\t<\/div>\n\t\t\t\t<\/div>\n\t\t\t\t<\/div>\n\t\t\t\t\t<\/div>\n\t\t\t\t<\/div>\n\t\t<div class=\"elementor-element elementor-element-e24d753 e-flex e-con-boxed e-con e-parent\" data-id=\"e24d753\" data-element_type=\"container\" data-e-type=\"container\" data-settings=\"{&quot;background_background&quot;:&quot;gradient&quot;,&quot;jet_parallax_layout_list&quot;:[]}\">\n\t\t\t\t\t<div class=\"e-con-inner\">\n\t\t<div class=\"elementor-element elementor-element-1224435 e-con-full e-flex e-con e-child\" data-id=\"1224435\" data-element_type=\"container\" data-e-type=\"container\" data-settings=\"{&quot;jet_parallax_layout_list&quot;:[]}\">\n\t\t\t\t<div class=\"elementor-element elementor-element-51edd94 elementor-widget__width-initial elementor-widget elementor-widget-heading\" data-id=\"51edd94\" data-element_type=\"widget\" data-e-type=\"widget\" data-widget_type=\"heading.default\">\n\t\t\t\t<div class=\"elementor-widget-container\">\n\t\t\t\t\t<h2 class=\"elementor-heading-title elementor-size-default\"><strong>reciclaje\n<\/strong><br>de vidrio<\/h2>\t\t\t\t<\/div>\n\t\t\t\t<\/div>\n\t\t\t\t<div class=\"elementor-element elementor-element-599dc43 elementor-widget__width-initial elementor-widget elementor-widget-text-editor\" data-id=\"599dc43\" data-element_type=\"widget\" data-e-type=\"widget\" data-widget_type=\"text-editor.default\">\n\t\t\t\t<div class=\"elementor-widget-container\">\n\t\t\t\t\t\t\t\t\t<p><span style=\"font-weight: 400;\">Una vez que las botellas terminan su vida \u00fatil, el vidrio reciclado se utiliza como materia prima en nuestra F\u00e1brica Paraguaya de Vidrios (FPV) para fabricar nuevos envases. As\u00ed, en promedio, nuestras botellas cuentan con m\u00e1s de 80% de vidrio reciclado e impulsamos la circularidad de nuestros envases.<\/span><\/p><p><span style=\"font-weight: 400;\">Adem\u00e1s, en 2024, la FPV se ampli\u00f3 con un nuevo horno industrial avanzado, el m\u00e1s grande de Am\u00e9rica y el segundo a nivel mundial. Este horno impulsa el compromiso ambiental operando con un 80% de energ\u00eda el\u00e9ctrica 100% renovable y busca producir envases en distintos tama\u00f1os y formatos para la industria local e internacional de forma cada vez m\u00e1s sostenible.<\/span><\/p>\t\t\t\t\t\t\t\t<\/div>\n\t\t\t\t<\/div>\n\t\t\t\t<\/div>\n\t\t<div class=\"elementor-element elementor-element-09eebbd e-con-full e-flex e-con e-child\" data-id=\"09eebbd\" data-element_type=\"container\" data-e-type=\"container\" data-settings=\"{&quot;jet_parallax_layout_list&quot;:[]}\">\n\t\t\t\t<div class=\"elementor-element elementor-element-00bc2b6 elementor-widget elementor-widget-image\" data-id=\"00bc2b6\" data-element_type=\"widget\" data-e-type=\"widget\" data-widget_type=\"image.default\">\n\t\t\t\t<div class=\"elementor-widget-container\">\n\t\t\t\t\t\t\t\t\t\t\t\t\t\t\t<img decoding=\"async\" src=\"https:\/\/cervepar.appslienzo3.com\/wp-content\/uploads\/elementor\/thumbs\/DSC4615-1-r6fgpzab6yyht8bisxw15ysi7gdil2d79p8jck2dz4.jpg\" title=\"_DSC4615-(1)\" alt=\"_DSC4615-(1)\" loading=\"lazy\" \/>\t\t\t\t\t\t\t\t\t\t\t\t\t\t\t<\/div>\n\t\t\t\t<\/div>\n\t\t\t\t<\/div>\n\t\t\t\t\t<\/div>\n\t\t\t\t<\/div>\n\t\t<div class=\"elementor-element elementor-element-3b5374d e-flex e-con-boxed e-con e-parent\" data-id=\"3b5374d\" data-element_type=\"container\" data-e-type=\"container\" data-settings=\"{&quot;jet_parallax_layout_list&quot;:[],&quot;background_background&quot;:&quot;classic&quot;}\">\n\t\t\t\t\t<div class=\"e-con-inner\">\n\t\t<div class=\"elementor-element elementor-element-b99610a e-con-full e-flex e-con e-child\" data-id=\"b99610a\" data-element_type=\"container\" data-e-type=\"container\" data-settings=\"{&quot;jet_parallax_layout_list&quot;:[]}\">\n\t\t\t\t<div class=\"elementor-element elementor-element-a3608c4 elementor-widget__width-initial elementor-widget elementor-widget-heading\" data-id=\"a3608c4\" data-element_type=\"widget\" data-e-type=\"widget\" data-widget_type=\"heading.default\">\n\t\t\t\t<div class=\"elementor-widget-container\">\n\t\t\t\t\t<h2 class=\"elementor-heading-title elementor-size-default\">\u00a1Por la industria de los siguientes 100 a\u00f1os y m\u00e1s!<\/h2>\t\t\t\t<\/div>\n\t\t\t\t<\/div>\n\t\t\t\t<div class=\"elementor-element elementor-element-4aaf90c elementor-widget__width-initial elementor-widget elementor-widget-text-editor\" data-id=\"4aaf90c\" data-element_type=\"widget\" data-e-type=\"widget\" data-widget_type=\"text-editor.default\">\n\t\t\t\t<div class=\"elementor-widget-container\">\n\t\t\t\t\t\t\t\t\t<p><span style=\"font-weight: 400;\">La sostenibilidad es parte de nuestra estrategia de negocios. Por eso, la gesti\u00f3n de todos nuestros centros de trabajo est\u00e1n guiada por un compromiso continuo con las buenas pr\u00e1cticas. Como Empresa B Certificada, trabajamos cada d\u00eda para operar de forma m\u00e1s responsable. Incorporamos fuentes cada vez m\u00e1s renovables en nuestras industrias y centros de distribuci\u00f3n, desde la producci\u00f3n de botellas hasta la entrega del producto a nuestros miles de puntos de venta, seguros de que juntos construimos un futuro cada vez m\u00e1s sostenible<\/span><\/p>\t\t\t\t\t\t\t\t<\/div>\n\t\t\t\t<\/div>\n\t\t\t\t<\/div>\n\t\t\t\t\t<\/div>\n\t\t\t\t<\/div>\n\t\t<div class=\"elementor-element elementor-element-06601c6 e-flex e-con-boxed e-con e-parent\" data-id=\"06601c6\" data-element_type=\"container\" data-e-type=\"container\" data-settings=\"{&quot;jet_parallax_layout_list&quot;:[]}\">\n\t\t\t\t\t<div class=\"e-con-inner\">\n\t\t<div class=\"elementor-element elementor-element-84850c1 e-con-full e-flex e-con e-child\" data-id=\"84850c1\" data-element_type=\"container\" data-e-type=\"container\" data-settings=\"{&quot;jet_parallax_layout_list&quot;:[]}\">\n\t\t\t\t<div class=\"elementor-element elementor-element-49be2f9 elementor-widget__width-initial elementor-widget elementor-widget-heading\" data-id=\"49be2f9\" data-element_type=\"widget\" data-e-type=\"widget\" data-widget_type=\"heading.default\">\n\t\t\t\t<div class=\"elementor-widget-container\">\n\t\t\t\t\t<h2 class=\"elementor-heading-title elementor-size-default\"><strong>Procesos optimizados<\/strong><\/br>\n y menores emisiones\n<\/h2>\t\t\t\t<\/div>\n\t\t\t\t<\/div>\n\t\t\t\t<div class=\"elementor-element elementor-element-19c037a elementor-widget__width-initial elementor-widget elementor-widget-text-editor\" data-id=\"19c037a\" data-element_type=\"widget\" data-e-type=\"widget\" data-widget_type=\"text-editor.default\">\n\t\t\t\t<div class=\"elementor-widget-container\">\n\t\t\t\t\t\t\t\t\t<p><span style=\"font-weight: 400;\">Como parte de un enfoque integral impulsamos m\u00faltiples iniciativas con compromiso ambiental. Algunas de estas son: el uso de m\u00f3viles y montacargas el\u00e9ctricos, sensores de temperatura y humedad para gestionar eficientemente la energ\u00eda, iluminaci\u00f3n natural en nuestros centros log\u00edsticos y paneles solares como fuente de energ\u00eda. Adem\u00e1s, reciclamos m\u00e1s del 90% de los insumos utilizados en nuestros procesos de producci\u00f3n. Estas acciones se traducen en procesos m\u00e1s responsables y una reducci\u00f3n constante de nuestras emisiones de CO\u2082.<\/span><\/p>\t\t\t\t\t\t\t\t<\/div>\n\t\t\t\t<\/div>\n\t\t\t\t<\/div>\n\t\t<div class=\"elementor-element elementor-element-e2b13b6 e-con-full e-flex e-con e-child\" data-id=\"e2b13b6\" data-element_type=\"container\" data-e-type=\"container\" data-settings=\"{&quot;jet_parallax_layout_list&quot;:[]}\">\n\t\t\t\t<div class=\"elementor-element elementor-element-8518bcf elementor-widget__width-initial elementor-widget elementor-widget-heading\" data-id=\"8518bcf\" data-element_type=\"widget\" data-e-type=\"widget\" data-widget_type=\"heading.default\">\n\t\t\t\t<div class=\"elementor-widget-container\">\n\t\t\t\t\t<h2 class=\"elementor-heading-title elementor-size-default\"><strong>Circularidad <\/strong>a trav\u00e9s<\/br>del reciclaje de vidrio\n<\/h2>\t\t\t\t<\/div>\n\t\t\t\t<\/div>\n\t\t\t\t<div class=\"elementor-element elementor-element-6db23e1 elementor-widget__width-initial elementor-widget elementor-widget-text-editor\" data-id=\"6db23e1\" data-element_type=\"widget\" data-e-type=\"widget\" data-widget_type=\"text-editor.default\">\n\t\t\t\t<div class=\"elementor-widget-container\">\n\t\t\t\t\t\t\t\t\t<p><span style=\"font-weight: 400;\">El reciclaje tambi\u00e9n es clave en nuestra estrategia. Una vez que las botellas terminan su vida \u00fatil, el vidrio reciclado se utiliza como materia prima en nuestra F\u00e1brica Paraguaya de Vidrios (FPV), donde en promedio m\u00e1s del 80% del contenido de las botellas es vidrio reciclado. En 2024, dimos un paso m\u00e1s con la ampliaci\u00f3n de la FPV, incorporando un nuevo horno industrial \u2014el m\u00e1s grande de Am\u00e9rica y el segundo a nivel mundial\u2014 que opera con un 80% de energ\u00eda el\u00e9ctrica 100% renovable y permite producir envases en distintos formatos de forma cada vez m\u00e1s sostenible.<\/span><\/p>\t\t\t\t\t\t\t\t<\/div>\n\t\t\t\t<\/div>\n\t\t\t\t<\/div>\n\t\t\t\t\t<\/div>\n\t\t\t\t<\/div>\n\t\t\t\t<\/div>\n\t\t","protected":false},"excerpt":{"rendered":"<p>Cuidado del Medio ambiente Cervepar cuenta con m\u00e1s de 100 a\u00f1os de historia y sigue mirando hacia el futuro. Por eso, nuestra estrategia de negocios incorpora la sostenibilidad como parte esencial, desde el dise\u00f1o de nuestros productos hasta su entrega en los miles de puntos de venta. Te invitamos a conocer algunas de nuestras iniciativas: [&hellip;]<\/p>\n","protected":false},"author":1,"featured_media":0,"parent":19,"menu_order":0,"comment_status":"closed","ping_status":"closed","template":"elementor_header_footer","meta":{"footnotes":""},"class_list":["post-770","page","type-page","status-publish","hentry"],"_links":{"self":[{"href":"https:\/\/cervepar.appslienzo3.com\/index.php\/wp-json\/wp\/v2\/pages\/770","targetHints":{"allow":["GET"]}}],"collection":[{"href":"https:\/\/cervepar.appslienzo3.com\/index.php\/wp-json\/wp\/v2\/pages"}],"about":[{"href":"https:\/\/cervepar.appslienzo3.com\/index.php\/wp-json\/wp\/v2\/types\/page"}],"author":[{"embeddable":true,"href":"https:\/\/cervepar.appslienzo3.com\/index.php\/wp-json\/wp\/v2\/users\/1"}],"replies":[{"embeddable":true,"href":"https:\/\/cervepar.appslienzo3.com\/index.php\/wp-json\/wp\/v2\/comments?post=770"}],"version-history":[{"count":83,"href":"https:\/\/cervepar.appslienzo3.com\/index.php\/wp-json\/wp\/v2\/pages\/770\/revisions"}],"predecessor-version":[{"id":2296,"href":"https:\/\/cervepar.appslienzo3.com\/index.php\/wp-json\/wp\/v2\/pages\/770\/revisions\/2296"}],"up":[{"embeddable":true,"href":"https:\/\/cervepar.appslienzo3.com\/index.php\/wp-json\/wp\/v2\/pages\/19"}],"wp:attachment":[{"href":"https:\/\/cervepar.appslienzo3.com\/index.php\/wp-json\/wp\/v2\/media?parent=770"}],"curies":[{"name":"wp","href":"https:\/\/api.w.org\/{rel}","templated":true}]}}